8?
True
Is 196 a factor of 1420020?
True
Is 10 a factor of 246290?
True
Is 158 a factor of 473006?
False
Does 20 divide 2164871?
False
Is 1149645 a multiple of 12?
False
Does 18 divide 141796?
False
Is 6 a factor of 92798?
False
Is 337566 a multiple of 8?
False
Is 731682 a multiple of 18?
True
Is 4 a factor of 440224?
True
Is 988504 a multiple of 478?
True
Is 50 a factor of 3214850?
True
Is 122 a factor of 170434?
True
Is 212560 a multiple of 16?
True
Does 25 divide 426625?
True
Does 28 divide 3449488?
True
Does 21 divide 428400?
True
Is 1128 a factor of 3130200?
True
Does 24 divide 429116?
False
Is 790692 a multiple of 1118?
False
Does 237 divide 8213169?
False
Does 540 divide 4583520?
True
Does 111 divide 218903?
False
Is 357 a factor of 131733?
True
Is 165623 a multiple of 3?
False
Is 33 a factor of 150439?
False
Does 197 divide 2759489?
False
Is 579 a factor of 5530953?
False
Is 31104036 a multiple of 485?
False
Does 372 divide 7800468?
True
Does 77 divide 248094?
True
Is 396930 a multiple of 379?
False
Is 1148916 a multiple of 201?
True
Does 956 divide 546832?
True
Does 67 divide 95248?
False
Is 235925 a multiple of 25?
True
Is 2 a factor of 76709?
False
Is 285 a factor of 1076255?
False
Does 3 divide 62064?
True
Is 173339 a multiple of 6?
False
Does 13 divide 2483013?
True
Is 389 a factor of 367992?
False
Is 65564 a multiple of 443?
True
Does 6 divide 37012?
False
Is 10 a factor of 11251844?
False
Does 60 divide 5233620?
True
Is 6675277 a multiple of 17?
False
Is 96748 a multiple of 137?
False
Is 682125 a multiple of 186?
False
Is 70547 a multiple of 79?
True
Is 7904457 a multiple of 11?
True
Does 26 divide 2705430?
True
Is 211571 a multiple of 107?
False
Does 414 divide 175536?
True
Does 12 divide 27261336?
True
Does 46 divide 16407?
False
Does 1851 divide 11113404?
True
Is 12 a factor of 2404940?
False
Is 31 a factor of 225033?
False
Does 28 divide 19124?
True
Is 57 a factor of 45030?
True
Is 72 a factor of 102404?
False
Is 177 a factor of 20447217?
True
Is 5448 a multiple of 67?
False
Is 183222 a multiple of 58?
True
Is 6 a factor of 87054?
True
Is 40 a factor of 334200?
True
Is 2776095 a multiple of 15?
True
Does 18 divide 1997532?
True
Does 32 divide 19222794?
False
Is 296 a factor of 130649?
False
Is 142646 a multiple of 43?
False
Is 101680 a multiple of 80?
True
Is 228212 a multiple of 10?
False
Is 10 a factor of 6225481?
False
Is 3001740 a multiple of 70?
True
Is 69 a factor of 4488158?
False
Is 118702 a multiple of 9?
False
Does 374 divide 6632142?
True
Is 1178 a multiple of 31?
True
Is 479 a factor of 206928?
True
Is 459469 a multiple of 21?
False
Is 29683968 a multiple of 24?
True
Does 49 divide 3120155?
False
Is 6008200 a multiple of 550?
True
Is 13 a factor of 544453?
True
Does 12 divide 503440?
False
Is 17768 a multiple of 202?
False
Is 4 a factor of 153276?
True
Does 43 divide 2652727?
False
Is 26 a factor of 846089?
False
Is 227 a factor of 730713?
True
Does 181 divide 1723120?
True
Is 118 a factor of 1500842?
True
Does 6 divide 103782?
True
Does 15 divide 446656?
False
Is 2380921 a multiple of 295?
False
Is 182 a factor of 4182178?
True
Is 3793680 a multiple of 120?
True
Is 18 a factor of 2496672?
True
Is 690 a factor of 3646650?
True
Is 6248158 a multiple of 14?
True
Is 207086 a multiple of 58?
False
Does 48 divide 1419390?
False
Does 297 divide 49005?
True
Is 17556 a multiple of 228?
True
Does 404 divide 1427736?
True
Does 36 divide 306355?
False
Is 16747640 a multiple of 130?
True
Is 50 a factor of 144700?
True
Does 167 divide 3200?
False
Is 2211387 a multiple of 1469?
False
Is 1655 a factor of 5547560?
True
Is 177 a factor of 1703657?
False
Does 29 divide 21249489?
True
Does 91 divide 387751?
True
Is 63 a factor of 25021757?
False
Is 211760 a multiple of 20?
True
Does 14 divide 186061?
False
Does 50 divide 78950?
True
Is 2116449 a multiple of 81?
True
Is 16 a factor of 20656?
True
Is 45 a factor of 3110421?
False
Does 169 divide 2591615?
True
Is 448 a factor of 1865472?
True
Is 964715 a multiple of 276?
False
Is 3339618 a multiple of 30?
False
Is 59998 a multiple of 25?
False
Is 19 a factor of 128848?
False
Is 158800 a multiple of 16?
True
Does 704 divide 1265870?
False
Does 72 divide 47962?
False
Is 1103823 a multiple of 441?
True
Does 5 divide 222015?
True
Does 665 divide 105735?
True
Is 1130080 a multiple of 35?
True
Is 7201152 a multiple of 42?
True
Is 6 a factor of 620388?
True
Is 1867776 a multiple of 260?
False
Does 5 divide 94560?
True
Is 481766 a multiple of 34?
False
Is 6234512 a multiple of 298?
False
Is 173524 a multiple of 26?
True
Is 220745 a multiple of 245?
True
Does 48 divide 609029?
False
Is 454 a factor of 239712?
True
Does 638 divide 489869?
False
Is 203207 a multiple of 62?
False
Is 1070433 a multiple of 9?
True
Does 84 divide 817908?
True
Does 205 divide 445260?
True
Is 7 a factor of 8904?
True
Does 85 divide 1451357?
False
Does 298 divide 22378?
False
Is 461 a factor of 19723180?
False
Is 1444860 a multiple of 47?
False
Is 11 a factor of 2628219?
True
Is 21 a factor of 811762?
False
Is 182 a factor of 2070796?
True
Is 50 a factor of 306400?
True
Is 96240 a multiple of 5?
True
Does 50 divide 55600?
True
Does 9 divide 67356?
True
Is 3725302 a multiple of 45?
False
Does 116 divide 34916?
True
Is 12477884 a multiple of 195?
False
Is 250035 a multiple of 1185?
True
Does 19 divide 298274?
False
Does 94 divide 42958?
True
Is 544268 a multiple of 13?
False
Does 27 divide 1232982?
True
Is 5717140 a multiple of 260?
True
Is 18 a factor of 149544?
True
Is 435015 even?
False
Is 653586 a multiple of 1123?
True
Does 6 divide 22634?
False
Is 3 a factor of 283892?
False
Is 65 a factor of 3398265?
True
Does 4 divide 857118?
False
Does 38 divide 39938?
True
Does 9 divide 724932?
True
Is 58564 a multiple of 10?
False
Is 1261502 a multiple of 34?
True
Does 1039 divide 396794?
False
Does 2 divide 32321?
False
Is 338312 a multiple of 111?
False
Does 23 divide 12282?
True
Is 4247665 a multiple of 174?
False
Does 206 divide 1027734?
True
Does 494 divide 388778?
True
Does 5 divide 92599?
False
Is 1407626 a multiple of 14?
False
Is 54 a factor of 6702583?
False
Is 4187742 a multiple of 12?
False
Does 6 divide 457290?
True
Does 287 divide 4443019?
False
Does 278 divide 79508?
True
Does 151 divide 128661?
False
Is 252 a factor of 704861?
False
Does 5 divide 4622923?
False
Is 21670000 a multiple of 110?
True
Is 20674 a multiple of 89?
False
Does 7 divide 35358?
False
Is 13 a factor of 158937?
False
Is 47 a factor of 379948?
True
Is 87948 a multiple of 36?
True
Is 13 a factor of 15487420?
True
Is 881852 a multiple of 226?
True
Is 213213 a multiple of 329?
False
Does 12 divide 170121?
False
Does 1025 divide 3158025?
True
Does 36 divide 34056?
True
Does 18 divide 250508?
False
Is 10482 a multiple of 180?
False
Does 60 divide 1538220?
True
Is 126 a factor of 733567?
False
Is 22 a factor of 781413?
False
Is 507347 a multiple of 2?
False
Is 1009090 a multiple of 190?
True
Is 262 a factor of 146988?
False
Is 565190 a multiple of 265?
False
Is 463 a factor of 1309827?
True
Does 15 divide 12360?
True
Does 10 divide 517900?
True
Is 210858 a multiple of 339?
True
Does 732 divide 1250988?
True
Is 77 a factor of 474334?
False
Is 4787256 a multiple of 24?
True
Does 17 divide 1403227?
False
Is 539258 a multiple of 617?
True
Is 56088 a multiple of 246?
True
Does 7 divide 992322?
False
Is 145992 a multiple of 22?
True
Does 76 divide 2121604?
False
Does 8 divide 1156201?
False
Is 1010610 a multiple of 6?
True
Does 79 divide 2500429?
True
Does 785 divide 1019569?
False
Is 24 a factor of 185534?
False
Is 550347 a multiple of 21?
True
Is 500598 a multiple of 63?
True
Is 56802 a multiple of 17?
False
Is 294215 a multiple of 95?
True
Does 18 divide 84898?
False
Is 23 a factor of 331604?
False
Is 18 a factor of 581328?
True
Is 835 a factor of 1568486?
False
Does 331 divide 107906?
True
Is 22 a factor of 739328?
False
Is 10853240 a multiple of 12?
False
Is 449174 a multiple of 41?
False
Does 570 divide 151620?
True
Does 14 divide 909776?
True
Does 515 divide 1199435?
True
Is 611 a factor of 1006235?
False
Does 32 divide 4456946?
False
Does 5 divide 198528?
False
Is 174020 a multiple of 77?
True
Is 43 a factor of 639398?
False
Is 272859 a mult